vided by y.
40
Let d(f) = 8*f**2 - 4*f - 1. Let k be d(4). Suppose -9 = -4*t + k. Suppose 52*v = -128*v + 1800. What is the remainder when t is divided by v?
0
Suppose 0 = -5*s - a + 689, s - 133 = 4325*a - 4324*a. What is the remainder when s is divided by 125?
12
What is the remainder when (-28)/(-126) - (-3236)/18 is divided by 26?
24
Let d(y) = 32*y - 43. Calculate the remainder when d(7) is divided by (-1)/45*-4101 + (-6)/45.
90
Let d = 2506 - 2503. What is the remainder when 42 is divided by d?
0
Let i(s) = s**3 - 2*s + 9. Let z be i(0). Suppose z*y + 5*y = 798. What is the remainder when y is divided by 10?
7
Let g(c) = 19*c**2 + 2*c - 1. Suppose 207 = 9*j + 3*x - 180, -2*j + 2*x + 62 = 0. Calculate the remainder when g(-2) is divided by j.
31
Let m = -22 - -29. Suppose -d = -m*d + 18. Suppose 2*n + 12 = d*n. Calculate the remainder when 83 is divided by n.
11
Suppose 15028 + 6689 = 121*i + 6592. What is the remainder when i is divided by 8?
5
Suppose 10*s - 42 = -10*s + 6*s. Let c = -7 - -7. Suppose 4*v + v - 75 = c. Calculate the remainder when v is divided by s.
0
Let w(o) = 620*o - 8021. What is the remainder when 1440 is divided by w(13)?
36
Let a = 30435 + -30424. Calculate the remainder when 14/21 + (-277)/(-3) is divided by a.
5
Suppose n = 5*p + 28, 3*n - 106 - 22 = 4*p. Calculate the remainder when (-3 + 18/10)/(3669/(-574810)) is divided by n.
44
Calculate the remainder when 48/(-600) - (2 + 212354/(-50)) is divided by 236.
233
Let f = 39900 - 39697. Calculate the remainder when 23951 is divided by f.
200
Let i = 231 + -179. What is the remainder when 145 is divided by (-1 + -195)*(3 + (-169)/i)?
47
Let w = -3155 - -3340. Calculate the remainder when 3880 is divided by w.
180
Let h = 18 - 9. Suppose 2*j + 4*t - 1788 = 6*j, -2*j - 902 = 2*t. Let w = j + 488. Calculate the remainder when w is divided by h.
3
Suppose 5*r + h - 2654 = 0, 33*h + 3 = 30*h. Calculate the remainder when r is divided by 55.
36
Let j(v) = 5*v + 6. Suppose 4*d - 7*d - 15 = 0. Let u be j(d). Let h = 38 + u. Calculate the remainder when h is divided by 6.
1
Let d(p) = -p**3 + 21*p**2 - 108*p + 47. Let o = 12 - 6. Calculate the remainder when d(8) is divided by 4/o - 65/(-15).
0
Suppose 0 = 5*r - 11 + 36. What is the remainder when -375 + 378 + 32*1 is divided by (1 - r) + -6 + 6?
5
Suppose 9*h - 7*h - 12 = -2*z, 18 = 3*z + 2*h. Suppose 337 = 3*n + 2*k, n - 95 = z*k - 11*k. Calculate the remainder when n is divided by 13.
11
Let b(r) = -5*r + 28. Let c be b(14). Let t = c - -74. Let m = 114 - t. What is the remainder when m is divided by 28?
26
Suppose 8544 = 2328*p - 2326*p. Calculate the remainder when p is divided by 171.
168
Suppose -28*c - 166 = -827 - 11. Let o(r) = -r**3 - 4. What is the remainder when o(-4) is divided by c?
12
Let n(o) = 470*o + 5921. What is the remainder when n(-12) is divided by 12?
5
Suppose d = -3*f + 214, 4*d + 251*f = 249*f + 906. What is the remainder when d is divided by 73?
10
Let z be (-10603)/(-207) - 4/18. Suppose -21 + z = a. Calculate the remainder when 177 is divided by a.
27
Let n = -5443 - -5487. Calculate the remainder when 83 is divided by n.
39
Let p = 18478 + -18441. What is the remainder when 3652 is divided by p?
26
Suppose 2*p + 5*h + 0 + 8 = 0, -3*p + 11 = -4*h. Let b = -912 - -908. What is the remainder when b/p + (-51)/(-1) is divided by 24?
23
Let m(o) = -1 + 6 + o + 6 - 19. Let g be m(8). Suppose g = -22*l + 16*l + 108. What is the remainder when l is divided by 10?
8
Let q(s) = -899*s - 902*s + 1798*s + 12. Let h be ((-2)/(-2))/(2/(-6)). What is the remainder when 60 is divided by q(h)?
18
Let x(o) = -50*o - 4. Let t(v) = 201*v + 16. Let b(z) = 4*t(z) + 18*x(z). What is the remainder when b(-1) is divided by 7?
4
Let q(j) = -j**3 - 29*j**2 + 77*j + 188. Calculate the remainder when q(-34) is divided by 74.
20
Calculate the remainder when 1152 is divided by ((-12 + 15)*-39)/(-1).
99
Let m(w) = -4*w**3 - 24*w**2 + 30*w + 8. Let d be m(-7). What is the remainder when 614 is divided by (d - 196/(-35))/((-3)/165)?
20
Let q = -1085 + 1717. What is the remainder when q is divided by 4?
0
Let a(k) = -231*k + 5180. What is the remainder when a(19) is divided by 26?
11
Let z = 9 + -6. Let t be (-7 - -4)/(-1)*1. Suppose -t*v = -2*v - 5*m + 23, -v = z*m - 17. What is the remainder when 7 is divided by v?
1
What is the remainder when 3023 + 1 + (3 + -1 - 3) is divided by 36?
35
Let o = 289 - 256. Suppose -5*i = z - 39, -3*i = -2*z + 3*z - o. Calculate the remainder when z is divided by 7.
3
Let u(r) = 7*r**2 + 30*r - 103. Let l(c) = 5*c**2 + 29*c - 100. Let g(f) = 4*l(f) - 3*u(f). Calculate the remainder when g(12) is divided by 3.
2
Let o(i) = 10*i**2 + 2*i - 1. Let c be o(-1). Let t be 1/(-3) + 338/6. Suppose c*h = -h + t. Calculate the remainder when 20 is divided by h.
6
Let w(o) be the first derivative of o**4/4 - 3*o**3 - 2*o**2 - 6*o - 49. Calculate the remainder when w(10) is divided by 11.
10
Let p(v) = v**3 - 50*v**2 + 16*v - 209. Calculate the remainder when p(50) is divided by 155.
126
Suppose -2147 = -2*h - 2*v - 721, -6 = v. What is the remainder when h is divided by 19?
16
Let f = -211 + 485. Calculate the remainder when f is divided by 4.
2
What is the remainder when 1/((-25)/(-88800)) - 14 is divided by 12?
10
Suppose -2*p + 3*u + 2*u + 7 = 0, -5*p + 2 = 3*u. What is the remainder when 119 is divided by (-5 + p)*-3 - (0 - 3)?
14
Suppose 0 = 2*q - 8, -26*h + 434 = -24*h + 4*q. What is the remainder when h is divided by 95?
19
Suppose 3*o - 134 = -5*n, -n + 2*o + 31 = -1. Suppose -3*q - 3*r = -33, -2*r + 63 - 23 = 5*q. Calculate the remainder when n is divided by q + -5 - (-5)/1.
4
Let h(g) = 3*g**2 - 13*g + 3. Let x(u) = -5*u + 28. Let l be x(6). Let k = l + 8. What is the remainder when 163 is divided by h(k)?
31
Suppose 0 = 4*d - 19 - 1169. Let f be ((-148)/(-8))/(1/(-2)). Let o = 87 + f. What is the remainder when d is divided by o?
47
Let s = 2119 - 2084. Calculate the remainder when 664 is divided by s.
34
Let q(j) = -11*j + 2. Let x(m) = -4*m + 1. Let v(l) = 3*q(l) - 8*x(l). Let d be v(-1). What is the remainder when 26 is divided by d - (2/15 + (-152)/15)?
8
Let a(m) = 6*m. Let n(u) = 18*u - 1. Let r(p) = 8*a(p) - 3*n(p). Let j = 1182 - 1184. Calculate the remainder when 40 is divided by r(j).
10
Suppose 153 + 97 = 2*t. Suppose 57 - 15 = 21*j. Suppose y - 27 = 3*h, 11*y = 7*y + j*h + 88. Calculate the remainder when t is divided by y.
20
Let q(d) = -136*d + 2708. Calculate the remainder when q(0) is divided by 451.
2
Suppose -5*v + 185 = -240. Calculate the remainder when 0 - (1 - -4 - v) is divided by 30.
20
Suppose 16*c - 4905 = c. Suppose -c + 2329 = 11*m. What is the remainder when m is divided by 23?
21
Let g be (-318576)/(-88) + 0 + (-2)/11. Suppose -g = -16*s - 356. What is the remainder when s is divided by 23?
20
Suppose 3*n = 119 - 119. Suppose n = -8*g + 6*g + 102. Let x = g + -26. What is the remainder when 71 is divided by x?
21
Suppose -5*w - x = -355, -5*w - 4*x = -2*x - 355. Suppose 7*v = w + 321. Calculate the remainder when 163 is divided by v.
51
Let d = -11313 + 11452. What is the remainder when d is divided by 22?
7
Suppose -618*o + 593*o + 525 = 0. Suppose 4*q = -0*q + 332. What is the remainder when q is divided by o?
20
Let w = -18811 + 18859. What is the remainder when 200 is divided by w?
8
Suppose 2*b = 5*o - 3*b - 115, 0 = 5*o + 5*b - 95. Calculate the remainder when o is divided by (-366)/244*((-114)/18 + -1).
10
Let r = 12 - 5. Suppose -1535 - 2427 = -75*j + 1438. What is the remainder when j is divided by r?
2
Suppose -10*a + 11*a = 3*d + 790, 0 = 4*a - 3*d - 3160. What is the remainder when a is divided by 18?
16
Let k = -30490 + 30515. Calculate the remainder when 1521 is divided by k.
21
Let t be ((-5)/25)/((-1)/15). Suppose -433 = -t*q - 346. Calculate the remainder when q is divided by (-1 - 11/(-3))*3.
5
Let n(s) = -4*s**3 + 40*s**2 - 2*s - 37. What is the remainder when n(9) is divided by 39?
35
What is the remainder when 200 is divided by ((-5292)/(-2058))/(3/49)?
32
Let t(z) = z**2 - z + 5. Let o = -10 + 4. Suppose -324 = 3*d + 20*j, 4*j - 2417 + 2513 = 2*d. What is the remainder when t(o) is divided by d?
11
Let m(f) = 6*f**2 + 25*f + 2. Let n(t)